{"id":14,"date":"2018-04-30T20:17:40","date_gmt":"2018-04-30T19:17:40","guid":{"rendered":"http:\/\/test.stiftung-gemeinsam.de\/?page_id=14"},"modified":"2019-05-02T20:22:52","modified_gmt":"2019-05-02T19:22:52","slug":"satzungsauszug","status":"publish","type":"page","link":"https:\/\/www.stiftung-gemeinsam.de\/?page_id=14","title":{"rendered":"Satzungsauszug"},"content":{"rendered":"\n<p>Stiftung Gemeinsam<\/p>\n\n\n\n<p>Die  Stiftung  f\u00fchrt  den  Namen  Stiftung  Gemeinsam.  Sie  ist  eine  rechtsf\u00e4hige  Stiftung  des<br>\nb\u00fcrgerlichen Rechts mit Sitz in Schondorf\/Ammersee \/ Landkreis Landsberg am Lech. <\/p>\n\n\n\n<p>\u00a7 2 Stiftungszweck<\/p>\n\n\n\n<p>(1)  Zweck  der  Stiftung  ist  die  F\u00f6rderung  der  Kinder-,  Jugend-  und  Altenhilfe,  der  Bildung  und<br>\nAusbildung und die Unterst\u00fctzung von bed\u00fcrftigen Personen im Sinne des \u00a7 53 Abgabenordnung<br>\n(AO). <\/p>\n\n\n\n<p>(2) Der Stiftungszweck wird insbesondere durch folgende Ma\u00dfnahmen verwirklicht::<\/p>\n\n\n\n<ol class=\"wp-block-list\"><li>Finanzielle Unterst\u00fctzung von Kinder-, Jugend- und Alteneinrichtungen sowie entsprechenden<br>\nEinrichtungen f\u00fcr Kleinkinder (z.B. Tagesm\u00fcttereinrichtungen, Kinderparks etc.)<\/li><li>Betreuung  von  \u00e4lteren  Menschen  durch  Hilfeleistungen  im  Alltagslebens,  wie  Fahrdienst  zu<br>\n\u00c4rzten, Beh\u00f6rden, medizinische Behandlungen und Einkaufsm\u00f6glichkeiten etc.<\/li><li>Gew\u00e4hrung von Beihilfen f\u00fcr die Ausbildung von Kindern, Jugendlichen und Studenten<\/li><li>Gew\u00e4hrung  von  Beihilfen  und  \u00dcberbr\u00fcckungshilfen  zum  Lebensunterhalt  von  bed\u00fcrftigen<br>\nPersonen im Sinne des \u00a7 53 AO <\/li><li>Unterst\u00fctzung von bed\u00fcrftigen Menschen, die sich in schwieriger wirtschaftlicher und sozialer<br>\nSituation befinden.<\/li><\/ol>\n\n\n\n<p>(3)  Die  Stiftung  verfolgt  damit  ausschlie\u00dflich  und  unmittelbar  gemeinn\u00fctzige  und  mildt\u00e4tige<br>\nZwecke im Sinn des Abschnitts \u201eSteuerbeg\u00fcnstigte Zwecke\u201c der Abgabenordnung.<\/p>\n\n\n\n<p>\u00a7 4 Grundstockverm\u00f6gen <\/p>\n\n\n\n<p>(1)  Das  der  Stiftung  zur  dauernden  und  nachhaltigen  Erf\u00fcllung  ihres  Stiftungszwecks<br>\nzugewendete Verm\u00f6gen (Grundstockverm\u00f6gen) ist in seinem Wert ungeschm\u00e4lert zu erhalten. Es<br>\nbesteht zum Zeitpunkt der Errichtung aus 74.000,&#8211; Euro Barverm\u00f6gen. <\/p>\n\n\n\n<p>(2)  Zustiftungen  (Zuwendungen  zum  Grundstockverm\u00f6gen)  sind  zul\u00e4ssig.  Zuwendungen  ohne<br>\nZweckbestimmung  aufgrund  einer  Verf\u00fcgung  von  Todes  wegen  k\u00f6nnen  dem<br>\nGrundstockverm\u00f6gen zugef\u00fchrt werden. <\/p>\n\n\n\n<p>\u00a7 15 Stiftungsaufsicht<\/p>\n\n\n\n<p>(1) Die Stiftung untersteht der Aufsicht der Regierung von Oberbayern.<\/p>\n","protected":false},"excerpt":{"rendered":"<p>Stiftung Gemeinsam Die Stiftung f\u00fchrt den Namen Stiftung Gemeinsam. Sie ist eine rechtsf\u00e4hige Stiftung des b\u00fcrgerlichen Rechts mit Sitz in Schondorf\/Ammersee \/ Landkreis Landsberg am Lech. \u00a7 2 Stiftungszweck (1) Zweck der Stiftung ist die F\u00f6rderung der Kinder-, Jugend- und Altenhilfe, der Bildung und Ausbildung und die Unterst\u00fctzung von bed\u00fcrftigen Personen im Sinne des \u00a7 &hellip; <\/p>\n<p class=\"link-more\"><a href=\"https:\/\/www.stiftung-gemeinsam.de\/?page_id=14\" class=\"more-link\"><span class=\"screen-reader-text\">\u201eSatzungsauszug\u201c<\/span> weiterlesen<\/a><\/p>\n","protected":false},"author":1,"featured_media":0,"parent":0,"menu_order":0,"comment_status":"closed","ping_status":"closed","template":"","meta":{"footnotes":""},"class_list":["post-14","page","type-page","status-publish","hentry"],"_links":{"self":[{"href":"https:\/\/www.stiftung-gemeinsam.de\/index.php?rest_route=\/wp\/v2\/pages\/14","targetHints":{"allow":["GET"]}}],"collection":[{"href":"https:\/\/www.stiftung-gemeinsam.de\/index.php?rest_route=\/wp\/v2\/pages"}],"about":[{"href":"https:\/\/www.stiftung-gemeinsam.de\/index.php?rest_route=\/wp\/v2\/types\/page"}],"author":[{"embeddable":true,"href":"https:\/\/www.stiftung-gemeinsam.de\/index.php?rest_route=\/wp\/v2\/users\/1"}],"replies":[{"embeddable":true,"href":"https:\/\/www.stiftung-gemeinsam.de\/index.php?rest_route=%2Fwp%2Fv2%2Fcomments&post=14"}],"version-history":[{"count":2,"href":"https:\/\/www.stiftung-gemeinsam.de\/index.php?rest_route=\/wp\/v2\/pages\/14\/revisions"}],"predecessor-version":[{"id":148,"href":"https:\/\/www.stiftung-gemeinsam.de\/index.php?rest_route=\/wp\/v2\/pages\/14\/revisions\/148"}],"wp:attachment":[{"href":"https:\/\/www.stiftung-gemeinsam.de\/index.php?rest_route=%2Fwp%2Fv2%2Fmedia&parent=14"}],"curies":[{"name":"wp","href":"https:\/\/api.w.org\/{rel}","templated":true}]}}